composite?
True
Is 151711 a composite number?
True
Is 354911 a prime number?
True
Is 18947 prime?
True
Is 47181 composite?
True
Is 284677 a prime number?
False
Is 505811 composite?
False
Is 394683 a prime number?
False
Is 247739 prime?
True
Is 1115351 a prime number?
True
Is 166393 a composite number?
False
Is 59035 a composite number?
True
Is 4153 composite?
False
Is 4774559 a prime number?
True
Is 3647 prime?
False
Is 96847 a composite number?
False
Is 158687 a prime number?
False
Is 239051 prime?
False
Is 69351 a composite number?
True
Is 116719 a prime number?
True
Is 20993 prime?
False
Is 3193 prime?
False
Is 1130469 prime?
False
Is 1049 a prime number?
True
Is 10969 composite?
True
Is 828371 a composite number?
False
Is 770743 prime?
False
Is 11287 a prime number?
True
Is 8209 a prime number?
True
Is 425939 a composite number?
False
Is 15389 a composite number?
True
Is 7078 composite?
True
Is 37 composite?
False
Is 6761 a prime number?
True
Is 75931 prime?
True
Is 408129 prime?
False
Is 49081 a composite number?
False
Is 4099537 prime?
False
Is 3977 a prime number?
False
Is 66499 a prime number?
True
Is 7433 prime?
True
Is 132383 prime?
True
Is 25115 composite?
True
Is 16319 a composite number?
False
Is 26794 prime?
False
Is 51407 prime?
True
Is 7031 a composite number?
True
Is 287783 a composite number?
False
Is 14657 composite?
False
Is 214691 a composite number?
False
Is 8333 a prime number?
False
Is 108821 a composite number?
False
Is 101359 composite?
False
Is 3433 a prime number?
True
Is 3989 a prime number?
True
Is 215071 prime?
False
Is 485 composite?
True
Is 117543 prime?
False
Is 81595 a composite number?
True
Is 66631 prime?
False
Is 10869 composite?
True
Is 2699687 a prime number?
True
Is 44867 composite?
False
Is 32687 composite?
False
Is 2179 composite?
False
Is 31373 prime?
False
Is 105071 composite?
False
Is 331 a composite number?
False
Is 167557 prime?
False
Is 81331 prime?
True
Is 49553 a composite number?
True
Is 28637 prime?
False
Is 739549 prime?
True
Is 45763 prime?
True
Is 10559 a composite number?
False
Is 128653 prime?
False
Is 243071 a composite number?
True
Is 136133 prime?
True
Is 758 a composite number?
True
Is 61223 a prime number?
True
Is 94201 a composite number?
False
Is 10237 prime?
False
Is 7283 a composite number?
False
Is 7057 prime?
True
Is 881446 a composite number?
True
Is 16199 a prime number?
False
Is 47941 prime?
False
Is 31145 a prime number?
False
Is 36755 composite?
True
Is 912631 a composite number?
False
Is 371617 a prime number?
True
Is 18637 composite?
False
Is 9442 prime?
False
Is 12847 composite?
True
Is 37279 a prime number?
False
Is 9661 a prime number?
True
Is 114491 a prime number?
False
Is 1290095 a prime number?
False
Is 47207 a prime number?
True
Is 2722 prime?
False
Is 1397787 composite?
True
Is 27611 prime?
True
Is 43379 a composite number?
True
Is 902753 a prime number?
True
Is 7901 a composite number?
False
Is 5234 a prime number?
False
Is 76631 prime?
True
Is 2556303 a prime number?
False
Is 5710961 a prime number?
True
Is 21701 composite?
False
Is 1148461 a composite number?
True
Is 1541 a prime number?
False
Is 63094 composite?
True
Is 2677659 composite?
True
Is 1319 composite?
False
Is 123499 a composite number?
False
Is 1931 composite?
False
Is 104365 prime?
False
Is 4441 prime?
True
Is 2719 a composite number?
False
Is 5557 a prime number?
True
Is 3407 prime?
True
Is 33457 prime?
True
Is 302461 composite?
True
Is 745583 a prime number?
False
Is 11435 composite?
True
Is 1794913 a prime number?
True
Is 444161 composite?
True
Is 203947 prime?
True
Is 562 prime?
False
Is 982687 a composite number?
False
Is 2293 prime?
True
Is 115201 a composite number?
False
Is 236699 a prime number?
True
Is 533 composite?
True
Is 2719 a prime number?
True
Is 29383 a composite number?
False
Is 26557 prime?
True
Is 235661 a composite number?
False
Is 209917 prime?
True
Is 397799 composite?
False
Is 86798 composite?
True
Is 362521 composite?
False
Is 13607 prime?
False
Is 16943 prime?
True
Is 414241 a composite number?
False
Is 1427539 prime?
True
Is 1051619 composite?
False
Is 93031 a prime number?
False
Is 4861 a composite number?
False
Is 8779 a prime number?
True
Is 32141 composite?
False
Is 2569 composite?
True
Is 14429 a composite number?
True
Is 10301 a composite number?
False
Is 77641 a prime number?
True
Is 4409 prime?
True
Is 15754 a prime number?
False
Is 20143 a prime number?
True
Is 316094 a composite number?
True
Is 10495 a composite number?
True
Is 109677 prime?
False
Is 35879 a composite number?
False
Is 2429 prime?
False
Is 5277 prime?
False
Is 8269 composite?
False
Is 113869 a prime number?
False
Is 106103 a prime number?
True
Is 88763 composite?
True
Is 5857 a prime number?
True
Is 2789 a composite number?
False
Is 463109 a composite number?
True
Is 1342813 a prime number?
False
Is 5758 prime?
False
Is 2779 a prime number?
False
Is 297967 a composite number?
False
Is 299171 a composite number?
False
Is 1753 a composite number?
False
Is 17467 a composite number?
False
Is 1148717 composite?
True
Is 13361 a composite number?
True
Is 2951 composite?
True
Is 518261 composite?
False
Is 64481 a prime number?
False
Is 13061 a prime number?
False
Is 450761 prime?
True
Is 255785 prime?
False
Is 301039 composite?
False
Is 14101 prime?
False
Is 3310609 a prime number?
True
Is 37663 a composite number?
False
Is 254427 a prime number?
False
Is 3389 a prime number?
True
Is 191363 prime?
False
Is 378259 prime?
False
Is 16735 a prime number?
False
Is 8545 a prime number?
False
Is 3551 composite?
True
Is 39007 prime?
False
Is 170851 a composite number?
False
Is 2008423 composite?
True
Is 37871 prime?
True
Is 13415 a composite number?
True
Is 12929 prime?
False
Is 23459 prime?
True
Is 748547 a prime number?
False
Is 23117 a prime number?
True
Is 903871 prime?
True
Is 180679 a prime number?
True
Is 44329 a prime number?
False
Is 31861 a prime number?
False
Is 138727 prime?
True
Is 36479 a composite number?
False
Is 31361 composite?
True
Is 8419 a prime number?
True
Is 82633 a composite number?
False
Is 80141 a prime number?
True
Is 78493 composite?
True
Is 1007801 a composite number?
False
Is 94634 a prime number?
False
Is 150697 composite?
False
Is 14107 a composite number?
False
Is 49157 a composite number?
False
Is 2144323 prime?
True
Is 126407 composite?
True
Is 1393 composite?
True
Is 701329 a composite number?
False
Is 5639 prime?
True
Is 42821 a composite number?
False
Is 82163 a composite number?
False
Is 492497 a prime number?
False
Is 18665 a composite number?
True
Is 30967 prime?
False
Is 3505 prime?
False
Is 19847 a composite number?
True
Is 3154511 composite?
False
Is 42157 prime?
True
Is 45691 a composite number?
False
Is 8653 a prime number?
False
Is 35551 a prime number?
False
Is 47065 a composite number?
True
Is 64781 prime?
True
Is 3491 a composite number?
False
Is 6189 composite?
True
Is 1207 a prime number?
False
Is 44449 a prime number?
True
Is 114107 prime?
False
Is 510722 a prime number?
False
Is 58 composite?
True
Is 228881 a composite number?
False
Is 300801 a prime number?
False
Is 114503 prime?
False
Is 55509 composite?
True
Is 16837 prime?
False
Is 2453 a prime number?
False
Is 1395229 prime?
False
Is 780119 a composite number?
False
Is 16817 a composite number?
True
Is 2199 a composite number?
True
Is 81511 a composite number?
True
Is 3791 prime?
False
Is 4141 composite?
True
Is 210491 composite?
False
Is 60757 composite?
False
Is 1073 a prime number?
False
Is 21587 a composite number?
False
Is 13553 a prime number?
True
Is 199663 composite?
True
Is 2073 prime?
False
Is 1985 a composite number?
True
Is 543479 prime?
False
Is 3641 a composite number?
True
Is 1591 a prime number?
False
Is 17521 composite?
True
Is 2831 a prime number?
False
Is 207457 prime?
True
Is 9617 prime?
False
Is 86213 a prime number?
False
Is 4783 a composite number?
False
Is 339103 a prime number?
True
Is 4197 a prime number?
False
Is 26339 a composite number?
False
Is 3962977 a prime number?
True
Is 6295709 a composite number?
True
Is 67181 prime?
True
Is 14441 composite?
True
Is 33559 prime?
False
Is 175811 a composite number?
False
Is 238439 prime?
True
Is 78779 composite?
False
Is 11